e highest common factor of 6 and m.
1
Let x be 555/3*(-21 + 23). Let p = x + -346. What is the greatest common divisor of 32 and p?
8
Suppose -3*q + 204 = -3*h, -q - 4*h = -8*h - 50. Suppose 0*p + 555 = 3*p. Calculate the greatest common divisor of q and p.
37
Let x be (335/201)/((-4)/(-9036)). Calculate the greatest common factor of x and 20.
5
Let k be -9 + 4 + 2/2. Let z be k + (-45)/(-10) - 57/(-6). Suppose -5*h + 3*t = -397, -t - 3*t = 2*h - 164. Calculate the highest common factor of h and z.
10
Let m(x) = -10*x + 104. Let h be m(10). Suppose -3*t + h*o + 118 = 0, -3*t + 46*o - 41*o = -119. Calculate the highest common factor of t and 2.
2
Let b be 0/2 - (-37 + 7). Let a be ((-108)/b)/(2/((-80)/6)). Let p = -75 - -111. What is the highest common divisor of p and a?
12
Let n(m) = m**2 - 3*m + 6. Let o be n(6). Let l = -16 + o. Suppose 52*k - 34 = 70. What is the greatest common divisor of l and k?
2
Let g = -13 - -45. Let o be 3 - ((-118)/(-1) + 0). Let i = 123 + o. What is the highest common divisor of i and g?
8
Suppose 0 = z + 48 - 208. Suppose 2*k = 4*k - 2*n + 16, 0 = -4*k - 3*n - 46. Let o be (k/(-7))/(-2 - 58/(-28)). What is the greatest common factor of z and o?
20
Suppose -b = 3*v - 42, 1521*b - v = 1522*b - 50. What is the highest common factor of b and 66?
6
Suppose 0 = 307*z + 5647 - 19155. Calculate the highest common divisor of z and 1067.
11
Suppose 15 + 39 = 2*o. Let l be 762/(-21) - (-4)/14. Let g = -33 - l. Calculate the greatest common divisor of o and g.
3
Suppose -120 = -0*a - 2*a. Suppose -6*g = 17 - 5. Let x be (9/6)/(3*g/(-80)). What is the greatest common divisor of a and x?
20
Let j(w) = -w**3 + 14*w**2 - 4*w + 9. Let b be j(14). Let d = -38 - b. Suppose -21 - 24 = -k. What is the highest common factor of d and k?
9
Let h = -176 - -180. Suppose 3*a = -3*k + 69, -h*k + k - 6 = 0. Calculate the highest common divisor of 25 and a.
25
Let i(d) = d**3 + 7*d**2 + 4*d - 2. Let v be i(-6). Suppose 2*x - 296 = 82. Let t = -119 + x. Calculate the highest common factor of v and t.
10
Let u(n) = -n**2 - 18*n + 22. Let j be u(-18). Let g = -2037 + 2051. Calculate the highest common factor of j and g.
2
Suppose 8*n - 21 = 11*n, 0 = 3*y - 2*n - 146. What is the highest common divisor of y and 5?
1
Suppose -2*d + 13*d = 318 - 219. What is the greatest common factor of d and 144?
9
Let o = 3979 - 3341. Calculate the greatest common factor of 44 and o.
22
Suppose 87*y - 63*y - 1608 = 0. What is the highest common divisor of 737 and y?
67
Suppose 24*y - 3106 - 3758 = 0. Calculate the highest common divisor of 22 and y.
22
Let m(y) = y**3 + y**2 - 9*y + 23. Let i be m(-4). Calculate the greatest common factor of 1485 and i.
11
Suppose 3*a = 7*a - 64. Suppose 55*i - 11*i - 8976 = 11*i. What is the greatest common divisor of i and a?
16
Let k(a) = -3*a - 18. Let b be k(2). Let i = b + 35. What is the greatest common divisor of i and 1?
1
Suppose -85 = -6*h + h. Let d = h - 2. Suppose 4*u - u = -3, 0 = 3*g + 3*u - d. What is the greatest common factor of g and 66?
6
Suppose 155 = 9*f - 151. Let k = -309 - -462. What is the greatest common factor of k and f?
17
Let t be (22/(-77) - 375/35) + 16. Let h be (-10)/(-14) - 4/(-14). What is the highest common divisor of t and h?
1
Let x be (-36)/(-24) + 222/(-4). Let y be (x/(-12))/(-2*(-1)/12). What is the highest common factor of y and 1?
1
Let y = -14179 - -14882. Calculate the highest common factor of 152 and y.
19
Suppose 4*v - 170 = -p, p - 4*p + v + 575 = 0. Calculate the highest common divisor of 494 and p.
38
Let v = -243 + 231. Let k be -21*((-64)/v)/(-4). Calculate the highest common factor of 28 and k.
28
Let z(x) = -3*x**2 - 76*x. Suppose -392*b + 395*b + 72 = 0. Let c be z(b). What is the greatest common divisor of 60 and c?
12
Let d(a) = -102*a + 7137. Let r be d(0). Calculate the highest common divisor of 61 and r.
61
Let u = 7703 + -7593. Calculate the highest common factor of 1254 and u.
22
Suppose -7*g - 6727 = -x, 32*g - 36*g + 8 = 0. Calculate the highest common factor of x and 21.
21
Suppose 0 = -5*l - 15, 5*l + 27 = 4*c - 0. Suppose 0 = -c*j + 4*z + 224, 2*z + 114 = 2*j - 34. What is the highest common factor of j and 252?
36
Let k(q) = -q**3 + 35*q**2 - 85*q + 667. Let f be k(33). Calculate the highest common factor of f and 6980.
20
Let c = 117 - 78. Let v = -65 - -207. Let f = -116 + v. What is the highest common divisor of f and c?
13
Let u be 2/4 + ((-264)/(-16) - 6). Suppose 3*q = -u*q + 1862. What is the highest common factor of q and 38?
19
Let s(g) = 78*g + 706. Let w be s(-9). What is the greatest common divisor of 284 and w?
4
Suppose 4*x - 806 = 31*f - 30*f, 4*x - 788 = 4*f. What is the greatest common divisor of x and 12992?
203
Suppose 114 = s - 4*g, -2*g = -6*g - 20. Let i = s - 61. Let y be i/8 + (-4)/32. What is the greatest common divisor of y and 2?
2
Let x be (-2 - -6)*(5 - 30/8). Suppose -2*n + 3*m = -108, -x*n + 289 = -59*m + 61*m. What is the greatest common factor of n and 342?
57
Suppose 5*k - 767 = -m, 5*k - 7*m = -3*m + 757. Calculate the highest common divisor of 225 and k.
9
Let f = -233 - -329. Let l(j) = j**3 + 13*j**2 + 13*j + 24. Let t be (-9 - -18)/(6/(-8)). Let s be l(t). What is the greatest common factor of s and f?
12
Let u(x) = -2*x + 16. Let y = -101 - -182. Let a = y - 78. Let o be u(a). What is the highest common divisor of o and 20?
10
Let r(h) = h**2 - 11*h - 62. Let u be r(22). Let s = u - 158. What is the greatest common divisor of s and 11?
11
Let f(g) = 10*g - 220. Let i be f(34). Suppose -5*h = 2*h - 1260. Calculate the greatest common factor of i and h.
60
Let h(p) = 15*p**2 + 445*p + 56. Let c be h(-31). What is the highest common factor of 91 and c?
13
Let f(w) be the first derivative of 6*w**3 + 2*w**2 + w - 1. Suppose 173 - 134 = 13*h. Let q be f(h). Calculate the greatest common divisor of q and 25.
25
Let p(b) = 17*b**2 + 783*b + 1571. Let j be p(-2). Let w be ((-3504)/(-40))/(4/10). What is the greatest common factor of j and w?
73
Let i(c) = -2*c + 39. Let w be i(-6). Let m be (136/w)/((-4)/(-6)). Suppose -m*d + 53 = -7. What is the highest common divisor of d and 150?
15
Let b be 84 - (-4 - (-3 - 0)). Let r = b - 82. Let h(a) = a**3 - a**2 - 2*a + 21. Let q be h(0). What is the greatest common factor of r and q?
3
Let d(x) = 50*x**2 + 2*x - 1. Let y be d(-1). Let k(v) = -7*v**3 + 3*v**2 - v. Let t be k(2). Let z = y + t. Calculate the greatest common divisor of z and 11.
1
Let n(g) = -5*g**3 + 15*g**2 + 104. Let o(p) = -p**3 + p**2 - 3. Let u(y) = n(y) - 6*o(y). Let a be u(0). What is the highest common factor of a and 427?
61
Let i = -901 - -1125. What is the highest common divisor of i and 640?
32
Let d be 86/473 + 31942/11. Calculate the greatest common divisor of 96 and d.
24
Let n = -10588 - -13212. Calculate the greatest common factor of 123 and n.
41
Let o(f) = -105*f - 614. Let x be o(-6). Calculate the highest common factor of 272 and x.
16
Suppose -42*j + 270 + 495 - 135 = 0. What is the highest common factor of j and 159?
3
Let o = -36 + 39. Suppose -o*h - 30 = -5*h. Suppose -i + k = -h, 5*i - 43 = -6*k + 3*k. What is the highest common divisor of i and 99?
11
Let v = -8485 - -8564. Calculate the highest common divisor of 4819 and v.
79
Let v be (-1)/(2176/(-3640) - 3/(-5)). Let y = v - -476. Calculate the greatest common factor of 903 and y.
21
Suppose -2*c - 2*w = -c - 15, -4*c = 2*w - 30. Let z(h) = 8*h - 1. Let m be z(c). Calculate the highest common factor of 52 and m.
13
Suppose -30*a - 43*a = 11*a - 1512. Let q be (-2427)/(-5) + (-33)/(-55). What is the highest common factor of q and a?
18
Suppose 19*v - 27*v = 33*v - 36531. What is the greatest common divisor of 693 and v?
99
Let b(i) = i**2 + 17*i + 107. Let h(j) = j**3 + 12*j**2 + 14*j + 23. Let d be h(-11). Let p be b(d). What is the greatest common factor of p and 185?
37
Suppose -4*j + 2*b = -6212, -79 = -6*b - 91. What is the highest common divisor of j and 32?
16
Suppose -12*j - 3330 + 3642 = 0. Calculate the highest common factor of j and 1755.
13
Suppose -3*k + 3*m + 1929 = 0, 5*k - 10*m = -7*m + 3217. What is the greatest common factor of k and 28?
28
Let x be 7956/26 - (3 - 7). Calculate the greatest common factor of 85 and x.
